*2 - 31*s + 9. Calculate q(15).
219
Let b(a) = -2*a**3 + 34*a**2 - 86*a + 1448. Determine b(17).
-14
Let c(q) = -q**2 + 223*q - 12155. Calculate c(93).
-65
Let d(g) = g**2 + 35*g + 313. Determine d(-13).
27
Let t(d) = 196*d + 13. Determine t(-1).
-183
Let i(g) = -4*g**2 - 109*g + 471. What is i(-30)?
141
Let b(j) = 6*j**2 - 11*j - 11. Determine b(-1).
6
Let b(w) = w**2 + 315*w - 5695. What is b(17)?
-51
Let c(l) = -l**3 + 16*l**2 - 58*l + 129. What is c(12)?
9
Let l(t) = -2*t**3 - 21*t**2 + 35. Calculate l(0).
35
Let s(x) = 393*x - 791. Give s(2).
-5
Let p(d) = -d**2 + 30*d + 93. Calculate p(-3).
-6
Let n(v) = -558*v - 2059. What is n(-4)?
173
Let u(q) = -160*q + 1945. What is u(12)?
25
Let f(h) = -95*h**2 - 383*h - 6. What is f(-4)?
6
Let x(d) = -7*d**3 - 51*d**2 - 98*d - 19. Calculate x(-4).
5
Let z(g) = g**3 + 7*g**2 + 13*g - 9. What is z(-4)?
-13
Let p(h) = h**2 - 156*h - 1506. Give p(-9).
-21
Let s(f) = 8*f**2 - 564*f + 3093. What is s(6)?
-3
Let x(j) = j**3 - 14*j**2 - 57*j + 78. Calculate x(14).
-720
Let n(r) = 149*r - 739. Calculate n(5).
6
Let u(c) = 2*c**2 + 27*c + 46. Determine u(-12).
10
Let n(g) = -7*g**2 - 871*g + 626. Determine n(-125).
126
Let w(d) = -25*d + 263. Give w(11).
-12
Let n(l) = 14*l**2 + 593*l - 2348. Calculate n(-46).
-2
Let c(a) = -3*a**2 - 98*a - 452. Determine c(-5).
-37
Let k(d) = -18*d**2 - 516*d - 15. Give k(-29).
-189
Let p(m) = 752*m**2 - 30834*m + 90. What is p(41)?
8
Let y(h) = h**2 + 39*h + 16. Calculate y(-41).
98
Let o(f) = -2*f**2 - 108*f + 332. Give o(3).
-10
Let a(z) = -126*z - 898. Calculate a(-7).
-16
Let u(j) = j**2 - 14*j - 16. What is u(9)?
-61
Let j(o) = o**3 - 136*o**2 - 1156*o + 584. Calculate j(144).
8
Let f(w) = -w**3 + 17*w**2 - 49*w + 24. Determine f(14).
-74
Let q(w) = w**3 - 2*w**2 - w + 10. What is q(5)?
80
Let t(j) = 5*j**3 - j**2 + 14. Calculate t(-3).
-130
Let m(n) = -n**3 - 2*n**2 - 39*n - 133. Determine m(0).
-133
Let t(b) = -6955*b - 159960. Determine t(-23).
5
Let f(r) = r**3 + 2*r**2 - 143*r - 645. What is f(-5)?
-5
Let p(j) = 24*j + 767. Calculate p(-31).
23
Let u(c) = -7*c**3 - 4*c**2 + 9*c - 14. What is u(3)?
-212
Let a(x) = -18*x**2 - 145*x - 407. Give a(-3).
-134
Let l(u) = -2*u**3 - 27*u**2 - 14*u - 39. Calculate l(-13).
-26
Let l(r) = -r**2 + 205*r - 10431. What is l(111)?
3
Let f(d) = 127*d - 66. What is f(2)?
188
Let s(d) = -31*d + 294. Give s(9).
15
Let b(y) = y**2 - 5*y + 23. What is b(-10)?
173
Let s(r) = r**3 - 2*r**2 - 19*r - 36. Calculate s(7).
76
Let w(s) = -5*s**2 + 38*s - 25. Determine w(7).
-4
Let s(f) = 135*f**2 - 6*f + 8. What is s(1)?
137
Let o(b) = -b**2 + 81*b - 1416. Calculate o(24).
-48
Let y(d) = -4*d**2 + 20*d - 34. What is y(4)?
-18
Let s(v) = -79*v + 16986. Give s(215).
1
Let x(y) = 10*y + 50. What is x(-4)?
10
Let j(b) = -b**2 + 15*b - 9. Calculate j(17).
-43
Let o(b) = b**3 - 12*b**2 + 16*b - 31. Determine o(9).
-130
Let a(s) = s**3 + 84*s**2 - 452*s - 622. Give a(-89).
1
Let v(o) = o**3 + 12*o**2 - 34*o - 67. What is v(-15)?
-232
Let w(q) = -q**2 - 22*q + 114. Give w(-28).
-54
Let i(s) = 4*s**2 - 136*s - 42. Calculate i(34).
-42
Let n(g) = g**3 + 64*g**2 - 7*g - 434. Determine n(-64).
14
Let c(b) = -15*b + 171. Give c(28).
-249
Let y(c) = 14*c**3 + 2*c**2 + 5*c + 2. Determine y(-1).
-15
Let o(w) = 3*w**3 - 6*w**2 - 81*w + 233. What is o(3)?
17
Let q(z) = -z**3 + 40*z**2 - 71*z - 352. Calculate q(38).
-162
Let m(c) = 2*c**2 - 70*c + 63. Give m(35).
63
Let d(g) = -47*g + 2358. Determine d(51).
-39
Let j(w) = -2*w**2 - 449*w - 3677. Give j(-216).
-5
Let c(q) = 8*q**2 + 212*q. Give c(-26).
-104
Let t(b) = -4*b**3 - 7*b**2 + 791*b - 66. Determine t(-15).
-6
Let p(l) = 77*l**2 - 462*l - 7. What is p(7)?
532
Let g(j) = -166*j**2 + 9*j + 4. What is g(2)?
-642
Let c(q) = -4*q**3 + 4*q**2 + 257*q - 517. Calculate c(2).
-19
Let o(u) = 6*u**3 + 126*u**2 - u - 47. What is o(-21)?
-26
Let q(a) = a**3 + 10*a**2 + 20*a + 81. Determine q(-8).
49
Let r(v) = v**2 + 24*v + 104. Give r(-16).
-24
Let j(l) = l**3 - 9*l**2 + 20*l + 5. What is j(4)?
5
Let u(z) = -z**3 + 2*z**2 - 6*z + 115. Determine u(0).
115
Let q(i) = -28*i - 556. Calculate q(-19).
-24
Let g(l) = 293*l - 31599. Calculate g(108).
45
Let g(l) = 3*l**2 - 31*l - 130. Calculate g(-5).
100
Let s(t) = t**3 + t**2 - 334*t - 138. What is s(18)?
6
Let k(m) = -m**2 + 509*m + 42498. Give k(-73).
12
Let h(a) = -2*a**3 - 128*a**2 - 127*a - 67. Give h(-63).
-4
Let j(h) = -4*h**2 - 61*h - 54. Calculate j(-14).
16
Let c(q) = 142*q**3 - 3*q**2 - 22*q - 20. Give c(-1).
-143
Let l(x) = x**2 - 9*x - 6. Determine l(8).
-14
Let j(o) = -55*o**3 + 2*o**2 - 4*o - 15. Calculate j(-2).
441
Let o(j) = 5144*j - 15426. Determine o(3).
6
Let v(u) = -33*u + 703. What is v(33)?
-386
Let i(q) = -24*q + 186. Determine i(6).
42
Let o(b) = 2*b**2 - 184*b + 2204. What is o(14)?
20
Let s(d) = -d**3 + 5*d**2 + 5*d + 60. Calculate s(7).
-3
Let g(s) = s**3 - 85*s**2 + 85*s + 41. Give g(84).
125
Let f(b) = b**3 - 3*b**2 - 1637*b + 35. Calculate f(-39).
-4
Let p(r) = -375*r - 2199. Calculate p(-6).
51
Let g(l) = l**2 + 6*l - 186. Determine g(-12).
-114
Let b(p) = -p**2 + 6135*p - 79582. Calculate b(13).
4
Let s(k) = -1808*k + 16214. Give s(9).
-58
Let r(m) = -m**3 - 2*m**2 + 59*m + 217. What is r(-6)?
7
Let r(l) = l**3 - 13*l**2 - 12*l. Calculate r(14).
28
Let h(s) = 2*s**2 + 167*s - 971. Determine h(-90).
199
Let l(y) = -11*y - 480. Calculate l(-42).
-18
Let v(t) = -404*t - 2855. What is v(-7)?
-27
Let q(a) = a**2 + 3*a - 79. Give q(6).
-25
Let l(y) = -27*y + 1854. Give l(69).
-9
Let s(i) = i**3 + 21*i**2 + 36*i + 294. Calculate s(-20).
-26
Let h(t) = -t**3 - 44*t**2 + 7*t + 104. Calculate h(-44).
-204
Let d(g) = -82*g + 2290. Determine d(28).
-6
Let x(m) = -49*m**2 + 16*m - 28. Give x(2).
-192
Let a(q) = -q**2 - 4*q - 24. Determine a(-4).
-24
Let z(w) = -w**2 + 1409*w - 54755. Give z(40).
5
Let x(o) = o**2 - 35*o + 14. Determine x(30).
-136
Let y(b) = -b**2 - 31*b - 86. Give y(-6).
64
Let o(k) = -18*k - 1206. Calculate o(-66).
-18
Let q(y) = 10*y**2 + 241*y + 9. Determine q(-24).
-15
Let v(g) = -g**3 - 7*g**2 + 52*g - 52. Give v(-12).
44
Let z(y) = -y**2 + 28*y - 74. What is z(9)?
97
Let j(l) = -167*l - 1838. Calculate j(-11).
-1
Let l(k) = -2*k**2 + 57*k + 168. What is l(31)?
13
Let b(v) = v**3 + 20*v**2 + 63*v + 61. Determine b(-13).
425
Let x(y) = 56*y + 902. What is x(-16)?
6
Let t(x) = 10*x**2 - 129*x + 26. What is t(12)?
-82
Let v(z) = 969*z - 4848. Determine v(5).
-3
Let j(c) = 3*c**2 - 5*c - 80. What is j(7)?
32
Let l(b) = -56*b + 517. Calculate l(10).
-43
Let c(y) = -38*y**2 - 22*y + 112. Determine c(-2).
4
Let r(h) = -14*h - 178. Determine r(-3).
-136
Let s(i) = -2*i**2 + 23*i - 183. What is s(8)?
-127
Let g(x) = x**2 - 46*x + 240. What is g(9)?
-93
Let s(g) = 95*g - 130. What is s(-3)?
-415
Let s(n) = -14*n**3 - 253*n**2 - 17*n - 8. Give s(-18).
-26
Let b(z) = -23*z + 54. Calculate b(1).
31
Let h(k) = 21*k + 49. What is h(0)?
49
Let d(m) = 688*m - 50222. Determine d(73).
2
Let n(v) = -5*v - 114. What is n(-40)?
86
Let f(h) = -h**3 - 284*h**2 - 843*h + 7. Calculate f(-3).
7
Let p(f) = -25607*f. Determine p(0).
0
Let d(o) = -483*o + 3900. Give d(8).
36
Let v(n) = -246*n - 244. Determine v(-1).
2
Let u(h) = 16*h**2 - h - 2. What is u(2)?
60
Let h(w) = w**3 - 103*w**2 + 1462*w - 39. Calculate h(86).
-39
Let m(y) = y**2 + 24*y - 82. Give m(-18).
-190
Let r(v) = 5*v - 211. What is r(-12)?
-271
Let b(g) = g**3 - 17*g**2 + 33*g - 254. Calculate b(16).
18
Let f(c) = c**3 - 16*c**2 - 41*c + 438. Calculate f(17).
30
Let f(t) = -684*t - 2718. What is f(-4)?
18
Let z(c) = -58*c + 1. What is z(3)?
-173
Let l(v) = -204*v + 55. Calculate l(3).
-557
Let c(g) = -g**3 + 15*g**2 - 20*g + 160. What is c(15)?
-140
Let a(u) = -2*u**3 - 223*u**2 + 341*u + 236. Calculate a(-113).
10
Let k(l) = -128*l + 2554. Give k(20).
-6
Let f(z) = -14*z**2 - 535*z - 119. What is f(-38)?
-5
Let c(t) = 1767*t + 72462. What is c(-41)?
15
Let w(q) = -644*q - 3855. Determine w(-6).
9
Let f(o) = -4*o**3 + 14*o**2 - 390*o + 1588. Give f(4).
-4
Let m(z) = 30*z + 85. Give m(-9).
-185
Let p(q) = -q**3 - 19*q**2 - 76*q + 16. What is p(-13)?
-10
Let p(t) = 7*t**2 - 905*t - 3441. Determine p(133).
17
Let w(l) = 5*l**3 - 12*l**2 - 27*l + 10. Give w(-3).
-152
Let p(x) = -2311*x -